[INFO] fetching crate ift 0.3.2...
[INFO] checking ift-0.3.2 against try#72f88fc4e9458f89516a0b8b0868f3718aec5b47 for pr-74989
[INFO] extracting crate ift 0.3.2 into /workspace/builds/worker-6/source
[INFO] validating manifest of crates.io crate ift 0.3.2 on toolchain 72f88fc4e9458f89516a0b8b0868f3718aec5b47
[INFO] running `Command { std: "/workspace/cargo-home/bin/cargo" "+72f88fc4e9458f89516a0b8b0868f3718aec5b47" "read-manifest" "--manifest-path" "Cargo.toml", kill_on_drop: false }`
[INFO] started tweaking crates.io crate ift 0.3.2
[INFO] finished tweaking crates.io crate ift 0.3.2
[INFO] tweaked toml for crates.io crate ift 0.3.2 written to /workspace/builds/worker-6/source/Cargo.toml
[INFO] running `Command { std: "/workspace/cargo-home/bin/cargo" "+72f88fc4e9458f89516a0b8b0868f3718aec5b47" "generate-lockfile" "--manifest-path" "Cargo.toml" "-Zno-index-update", kill_on_drop: false }`
[INFO] running `Command { std: "/workspace/cargo-home/bin/cargo" "+72f88fc4e9458f89516a0b8b0868f3718aec5b47" "fetch" "--locked" "--manifest-path" "Cargo.toml", kill_on_drop: false }`
[INFO] [stderr]  Downloading crates ...
[INFO] [stderr]   Downloaded ipnetwork v0.14.0
[INFO] [stderr]   Downloaded pnet_base v0.26.0
[INFO] [stderr]   Downloaded syntex_pos v0.42.0
[INFO] [stderr]   Downloaded syntex_syntax v0.42.0
[INFO] [stderr]   Downloaded pnet_macros_support v0.22.0
[INFO] [stderr]   Downloaded syntex_errors v0.42.0
[INFO] [stderr]   Downloaded pnet_datalink v0.22.0
[INFO] [stderr]   Downloaded syntex v0.42.2
[INFO] [stderr]   Downloaded pnet_sys v0.22.0
[INFO] [stderr]   Downloaded pnet v0.22.0
[INFO] [stderr]   Downloaded pnet_packet v0.22.0
[INFO] [stderr]   Downloaded pnet_transport v0.22.0
[INFO] [stderr]   Downloaded pnet_macros v0.26.0
[INFO] [stderr]   Downloaded pnet_base v0.22.0
[INFO] running `Command { std: "docker" "create" "-v" "/var/lib/crater-agent-workspace/builds/worker-6/target:/opt/rustwide/target:rw,Z" "-v" "/var/lib/crater-agent-workspace/builds/worker-6/source:/opt/rustwide/workdir:ro,Z" "-v" "/var/lib/crater-agent-workspace/cargo-home:/opt/rustwide/cargo-home:ro,Z" "-v" "/var/lib/crater-agent-workspace/rustup-home:/opt/rustwide/rustup-home:ro,Z" "-e" "SOURCE_DIR=/opt/rustwide/workdir" "-e" "CARGO_TARGET_DIR=/opt/rustwide/target" "-e" "CARGO_HOME=/opt/rustwide/cargo-home" "-e" "RUSTUP_HOME=/opt/rustwide/rustup-home" "-w" "/opt/rustwide/workdir" "-m" "1610612736" "--user" "0:0" "--network" "none" "rustops/crates-build-env@sha256:d92eaeed33fa75130ca1ee6c8a01d1ffb62bac859dfdfb3450e3e5d1c0146529" "/opt/rustwide/cargo-home/bin/cargo" "+72f88fc4e9458f89516a0b8b0868f3718aec5b47" "metadata" "--no-deps" "--format-version=1", kill_on_drop: false }`
[INFO] [stdout] d457c5288523cbef3d4fd0ecb6e000b0b5f3b742dfa5ab12b104dedcdbdc8e52
[INFO] [stderr] WARNING: Your kernel does not support swap limit capabilities or the cgroup is not mounted. Memory limited without swap.
[INFO] running `Command { std: "docker" "start" "-a" "d457c5288523cbef3d4fd0ecb6e000b0b5f3b742dfa5ab12b104dedcdbdc8e52", kill_on_drop: false }`
[INFO] running `Command { std: "docker" "inspect" "d457c5288523cbef3d4fd0ecb6e000b0b5f3b742dfa5ab12b104dedcdbdc8e52", kill_on_drop: false }`
[INFO] running `Command { std: "docker" "rm" "-f" "d457c5288523cbef3d4fd0ecb6e000b0b5f3b742dfa5ab12b104dedcdbdc8e52", kill_on_drop: false }`
[INFO] [stdout] d457c5288523cbef3d4fd0ecb6e000b0b5f3b742dfa5ab12b104dedcdbdc8e52
[INFO] running `Command { std: "docker" "create" "-v" "/var/lib/crater-agent-workspace/builds/worker-6/target:/opt/rustwide/target:rw,Z" "-v" "/var/lib/crater-agent-workspace/builds/worker-6/source:/opt/rustwide/workdir:ro,Z" "-v" "/var/lib/crater-agent-workspace/cargo-home:/opt/rustwide/cargo-home:ro,Z" "-v" "/var/lib/crater-agent-workspace/rustup-home:/opt/rustwide/rustup-home:ro,Z" "-e" "SOURCE_DIR=/opt/rustwide/workdir" "-e" "CARGO_TARGET_DIR=/opt/rustwide/target" "-e" "CARGO_INCREMENTAL=0" "-e" "RUST_BACKTRACE=full" "-e" "RUSTFLAGS=--cap-lints=forbid" "-e" "CARGO_HOME=/opt/rustwide/cargo-home" "-e" "RUSTUP_HOME=/opt/rustwide/rustup-home" "-w" "/opt/rustwide/workdir" "-m" "1610612736" "--user" "0:0" "--network" "none" "rustops/crates-build-env@sha256:d92eaeed33fa75130ca1ee6c8a01d1ffb62bac859dfdfb3450e3e5d1c0146529" "/opt/rustwide/cargo-home/bin/cargo" "+72f88fc4e9458f89516a0b8b0868f3718aec5b47" "check" "--frozen" "--all" "--all-targets" "--message-format=json", kill_on_drop: false }`
[INFO] [stderr] WARNING: Your kernel does not support swap limit capabilities or the cgroup is not mounted. Memory limited without swap.
[INFO] [stdout] d8c2a400ec8c9c7df2b7c1f5d7545ef02b6e450d6f9d1f5f42ba2141d0ebc571
[INFO] running `Command { std: "docker" "start" "-a" "d8c2a400ec8c9c7df2b7c1f5d7545ef02b6e450d6f9d1f5f42ba2141d0ebc571", kill_on_drop: false }`
[INFO] [stderr]    Compiling libc v0.2.77
[INFO] [stderr]     Checking cfg-if v0.1.10
[INFO] [stderr]    Compiling autocfg v1.0.1
[INFO] [stderr]    Compiling log v0.4.11
[INFO] [stderr]     Checking lazy_static v1.4.0
[INFO] [stderr]    Compiling proc-macro2 v1.0.21
[INFO] [stderr]    Compiling byteorder v1.3.4
[INFO] [stderr]    Compiling unicode-xid v0.2.1
[INFO] [stderr]    Compiling syn v1.0.40
[INFO] [stderr]    Compiling maybe-uninit v2.0.0
[INFO] [stderr]    Compiling semver-parser v0.7.0
[INFO] [stderr]     Checking futures v0.1.29
[INFO] [stderr]    Compiling memchr v2.3.3
[INFO] [stderr]    Compiling typenum v1.12.0
[INFO] [stderr]     Checking rand_core v0.4.2
[INFO] [stderr]     Checking slab v0.4.2
[INFO] [stderr]     Checking scopeguard v1.1.0
[INFO] [stderr]     Checking fnv v1.0.7
[INFO] [stderr]    Compiling autocfg v0.1.7
[INFO] [stderr]     Checking encoding_index_tests v0.1.4
[INFO] [stderr]    Compiling serde_derive v1.0.116
[INFO] [stderr]    Compiling rustc-serialize v0.3.24
[INFO] [stderr]    Compiling serde v1.0.116
[INFO] [stderr]     Checking adler v0.2.3
[INFO] [stderr]    Compiling failure_derive v0.1.8
[INFO] [stderr]     Checking gimli v0.22.0
[INFO] [stderr]    Compiling unicode-xid v0.0.3
[INFO] [stderr]    Compiling term v0.4.6
[INFO] [stderr]     Checking tinyvec v0.3.4
[INFO] [stderr]    Compiling bitflags v0.5.0
[INFO] [stderr]     Checking object v0.20.0
[INFO] [stderr]     Checking matches v0.1.8
[INFO] [stderr]     Checking rustc-demangle v0.1.16
[INFO] [stderr]    Compiling version_check v0.1.5
[INFO] [stderr]    Compiling regex-syntax v0.6.18
[INFO] [stderr]    Compiling cc v1.0.59
[INFO] [stderr]    Compiling proc-macro2 v0.4.30
[INFO] [stderr]    Compiling bitflags v1.2.1
[INFO] [stderr]    Compiling version_check v0.9.2
[INFO] [stderr]     Checking percent-encoding v1.0.1
[INFO] [stderr]     Checking itoa v0.4.6
[INFO] [stderr]    Compiling unicode-xid v0.1.0
[INFO] [stderr]    Compiling glob v0.2.11
[INFO] [stderr]     Checking quick-error v1.2.3
[INFO] [stderr]    Compiling ryu v1.0.5
[INFO] [stderr]     Checking opaque-debug v0.2.3
[INFO] [stderr]     Checking match_cfg v0.1.0
[INFO] [stderr]     Checking pnet_base v0.26.0
[INFO] [stderr]    Compiling syn v0.15.44
[INFO] [stderr]     Checking pnet_base v0.22.0
[INFO] [stderr]     Checking subtle v1.0.0
[INFO] [stderr]     Checking arc-swap v0.4.7
[INFO] [stderr]    Compiling serde_json v1.0.57
[INFO] [stderr]     Checking byte-tools v0.3.1
[INFO] [stderr]    Compiling crc32fast v1.2.0
[INFO] [stderr]     Checking unicode-width v0.1.8
[INFO] [stderr]    Compiling pnet v0.22.0
[INFO] [stderr]     Checking zeroize v1.1.0
[INFO] [stderr]    Compiling v_htmlescape v0.4.5
[INFO] [stderr]     Checking hashbrown v0.9.0
[INFO] [stderr]    Compiling escargot v0.3.1
[INFO] [stderr]     Checking predicates-core v1.0.0
[INFO] [stderr]     Checking fake-simd v0.1.2
[INFO] [stderr]     Checking strsim v0.8.0
[INFO] [stderr]     Checking ansi_term v0.11.0
[INFO] [stderr]    Compiling httparse v1.3.4
[INFO] [stderr]     Checking normalize-line-endings v0.3.0
[INFO] [stderr]     Checking treeline v0.1.0
[INFO] [stderr]     Checking mime v0.3.16
[INFO] [stderr]     Checking percent-encoding v2.1.0
[INFO] [stderr]     Checking base64 v0.12.3
[INFO] [stderr]     Checking dtoa v0.4.6
[INFO] [stderr]     Checking sha1 v0.6.0
[INFO] [stderr]     Checking termcolor v1.1.0
[INFO] [stderr]     Checking thread_local v1.0.1
[INFO] [stderr]     Checking crossbeam-utils v0.6.6
[INFO] [stderr]     Checking lock_api v0.3.4
[INFO] [stderr]     Checking rand_core v0.3.1
[INFO] [stderr]     Checking rand_jitter v0.1.4
[INFO] [stderr]     Checking encoding-index-korean v1.20141219.5
[INFO] [stderr]     Checking encoding-index-tradchinese v1.20141219.5
[INFO] [stderr]     Checking encoding-index-japanese v1.20141219.5
[INFO] [stderr]     Checking encoding-index-singlebyte v1.20141219.5
[INFO] [stderr]     Checking encoding-index-simpchinese v1.20141219.5
[INFO] [stderr]    Compiling semver v0.9.0
[INFO] [stderr]     Checking miniz_oxide v0.4.1
[INFO] [stderr]    Compiling crossbeam-utils v0.7.2
[INFO] [stderr]    Compiling memoffset v0.5.5
[INFO] [stderr]    Compiling crossbeam-epoch v0.8.2
[INFO] [stderr]    Compiling num-traits v0.2.12
[INFO] [stderr]    Compiling indexmap v1.6.0
[INFO] [stderr]     Checking unicode-bidi v0.3.4
[INFO] [stderr]    Compiling rand_chacha v0.1.1
[INFO] [stderr]    Compiling rand_pcg v0.1.2
[INFO] [stderr]    Compiling rand v0.6.5
[INFO] [stderr]     Checking unicode-normalization v0.1.13
[INFO] [stderr]     Checking humantime v1.3.0
[INFO] [stderr]    Compiling nom v4.2.3
[INFO] [stderr]    Compiling actix-web v0.7.19
[INFO] [stderr]     Checking tokio-sync v0.1.8
[INFO] [stderr]     Checking tower-service v0.1.0
[INFO] [stderr]     Checking pnet_macros_support v0.22.0
[INFO] [stderr]    Compiling unicase v2.6.0
[INFO] [stderr]     Checking block-padding v0.1.5
[INFO] [stderr]     Checking textwrap v0.11.0
[INFO] [stderr]     Checking predicates-tree v1.0.0
[INFO] [stderr]     Checking rand_xorshift v0.1.1
[INFO] [stderr]     Checking rand_hc v0.1.0
[INFO] [stderr]     Checking rand_isaac v0.1.1
[INFO] [stderr]     Checking crossbeam-channel v0.3.9
[INFO] [stderr]    Compiling syntex_pos v0.42.0
[INFO] [stderr]    Compiling rustc_version v0.2.3
[INFO] [stderr]     Checking encoding v0.2.33
[INFO] [stderr]    Compiling brotli-sys v0.3.2
[INFO] [stderr]    Compiling miniz-sys v0.1.12
[INFO] [stderr]     Checking smallvec v0.6.13
[INFO] [stderr]     Checking aho-corasick v0.7.13
[INFO] [stderr]     Checking addr2line v0.13.0
[INFO] [stderr]    Compiling log v0.3.9
[INFO] [stderr]     Checking idna v0.1.5
[INFO] [stderr]     Checking base64 v0.10.1
[INFO] [stderr]    Compiling quote v1.0.7
[INFO] [stderr]    Compiling parking_lot_core v0.6.2
[INFO] [stderr]    Compiling parking_lot v0.9.0
[INFO] [stderr]    Compiling parking_lot_core v0.4.0
[INFO] [stderr]     Checking iovec v0.1.4
[INFO] [stderr]     Checking num_cpus v1.13.0
[INFO] [stderr]     Checking net2 v0.2.35
[INFO] [stderr]     Checking rand_os v0.1.3
[INFO] [stderr]     Checking rand v0.5.6
[INFO] [stderr]     Checking socket2 v0.3.15
[INFO] [stderr]     Checking pnet_sys v0.22.0
[INFO] [stderr]     Checking hostname v0.3.1
[INFO] [stderr]     Checking getrandom v0.1.15
[INFO] [stderr]     Checking atty v0.2.14
[INFO] [stderr]     Checking signal-hook-registry v1.2.1
[INFO] [stderr]     Checking time v0.1.44
[INFO] [stderr]     Checking backtrace v0.3.50
[INFO] [stderr]    Compiling syntex_errors v0.42.0
[INFO] [stderr]    Compiling quote v0.6.13
[INFO] [stderr]     Checking generic-array v0.12.3
[INFO] [stderr]     Checking bytes v0.4.12
[INFO] [stderr]     Checking futures-cpupool v0.1.8
[INFO] [stderr]     Checking url v1.7.2
[INFO] [stderr]     Checking tokio-executor v0.1.10
[INFO] [stderr]     Checking crossbeam-queue v0.2.3
[INFO] [stderr]     Checking resolv-conf v0.6.3
[INFO] [stderr]     Checking clap v2.33.3
[INFO] [stderr]     Checking mio v0.6.22
[INFO] [stderr]     Checking rand_core v0.5.1
[INFO] [stderr]    Compiling regex v1.3.9
[INFO] [stderr]    Compiling mime_guess v2.0.3
[INFO] [stderr]     Checking float-cmp v0.8.0
[INFO] [stderr]    Compiling syntex_syntax v0.42.0
[INFO] [stderr]     Checking tokio-io v0.1.13
[INFO] [stderr]     Checking string v0.2.1
[INFO] [stderr]     Checking http v0.1.21
[INFO] [stderr]     Checking tokio-timer v0.2.13
[INFO] [stderr]     Checking tokio-current-thread v0.1.7
[INFO] [stderr]     Checking universal-hash v0.3.0
[INFO] [stderr]     Checking block-cipher-trait v0.6.2
[INFO] [stderr]     Checking digest v0.8.1
[INFO] [stderr]     Checking crypto-mac v0.7.0
[INFO] [stderr]     Checking aead v0.2.0
[INFO] [stderr]     Checking block-buffer v0.7.3
[INFO] [stderr]     Checking crossbeam-deque v0.7.3
[INFO] [stderr]     Checking rand_chacha v0.2.2
[INFO] [stderr]     Checking uuid v0.7.4
[INFO] [stderr]     Checking flate2 v1.0.17
[INFO] [stderr]     Checking mio-uds v0.6.8
[INFO] [stderr]     Checking polyval v0.3.3
[INFO] [stderr]     Checking aes-soft v0.3.3
[INFO] [stderr]     Checking hmac v0.7.1
[INFO] [stderr]     Checking sha2 v0.8.2
[INFO] [stderr]     Checking rand v0.7.3
[INFO] [stderr]     Checking predicates v1.0.5
[INFO] [stderr]     Checking env_logger v0.6.2
[INFO] [stderr]     Checking tokio-codec v0.1.2
[INFO] [stderr]     Checking tokio-threadpool v0.1.18
[INFO] [stderr]     Checking parking_lot v0.7.1
[INFO] [stderr]     Checking hkdf v0.8.0
[INFO] [stderr]     Checking tokio-reactor v0.1.12
[INFO] [stderr]     Checking ghash v0.2.3
[INFO] [stderr]     Checking aes v0.3.2
[INFO] [stderr]     Checking aes-gcm v0.5.0
[INFO] [stderr]     Checking tokio-tcp v0.1.4
[INFO] [stderr]     Checking tokio-udp v0.1.6
[INFO] [stderr]     Checking tokio-uds v0.2.7
[INFO] [stderr]     Checking tokio-signal v0.2.9
[INFO] [stderr]     Checking tokio-fs v0.1.7
[INFO] [stderr]     Checking tokio v0.1.22
[INFO] [stderr]     Checking cookie v0.11.3
[INFO] [stderr]    Compiling synstructure v0.12.4
[INFO] [stderr]    Compiling pest_generator v2.1.3
[INFO] [stderr]     Checking brotli2 v0.3.2
[INFO] [stderr]     Checking h2 v0.1.26
[INFO] [stderr]    Compiling v_escape_derive v0.5.6
[INFO] [stderr]    Compiling pest_derive v2.1.0
[INFO] [stderr]    Compiling actix_derive v0.3.2
[INFO] [stderr]     Checking failure v0.1.8
[INFO] [stderr]     Checking v_escape v0.7.4
[INFO] [stderr]     Checking trust-dns-proto v0.6.3
[INFO] [stderr]     Checking trust-dns-proto v0.5.0
[INFO] [stderr]     Checking trust-dns-resolver v0.10.3
[INFO] [stderr]     Checking actix v0.7.9
[INFO] [stderr]     Checking actix-net v0.2.6
[INFO] [stderr]    Compiling syntex v0.42.2
[INFO] [stderr]    Compiling pnet_macros v0.26.0
[INFO] [stderr]    Compiling pnet_packet v0.22.0
[INFO] [stderr]     Checking ipnetwork v0.14.0
[INFO] [stderr]     Checking serde_urlencoded v0.5.5
[INFO] [stderr]     Checking pnet_datalink v0.22.0
[INFO] [stderr]     Checking assert_cmd v0.10.2
[INFO] [stdout] error[E0599]: no method named `to_primitive_values` found for struct `MacAddr` in the current scope
[INFO] [stdout]    --> /opt/rustwide/target/debug/build/pnet_packet-b29fdfb933d35948/out/ethernet.rs:442:24
[INFO] [stdout]     |
[INFO] [stdout] 442 |         let vals = val.to_primitive_values();
[INFO] [stdout]     |                        ^^^^^^^^^^^^^^^^^^^ method not found in `MacAddr`
[INFO] [stdout] 
[INFO] [stdout] 
[INFO] [stdout] error[E0599]: no method named `to_primitive_values` found for struct `MacAddr` in the current scope
[INFO] [stdout]    --> /opt/rustwide/target/debug/build/pnet_packet-b29fdfb933d35948/out/ethernet.rs:499:24
[INFO] [stdout]     |
[INFO] [stdout] 499 |         let vals = val.to_primitive_values();
[INFO] [stdout]     |                        ^^^^^^^^^^^^^^^^^^^ method not found in `MacAddr`
[INFO] [stdout] 
[INFO] [stdout] 
[INFO] [stdout] error[E0599]: no method named `to_primitive_values` found for struct `MacAddr` in the current scope
[INFO] [stdout]    --> /opt/rustwide/target/debug/build/pnet_packet-b29fdfb933d35948/out/arp.rs:776:24
[INFO] [stdout]     |
[INFO] [stdout] 776 |         let vals = val.to_primitive_values();
[INFO] [stdout]     |                        ^^^^^^^^^^^^^^^^^^^ method not found in `MacAddr`
[INFO] [stdout] 
[INFO] [stdout] 
[INFO] [stdout] error[E0599]: no method named `to_primitive_values` found for struct `MacAddr` in the current scope
[INFO] [stdout]    --> /opt/rustwide/target/debug/build/pnet_packet-b29fdfb933d35948/out/arp.rs:874:24
[INFO] [stdout]     |
[INFO] [stdout] 874 |         let vals = val.to_primitive_values();
[INFO] [stdout]     |                        ^^^^^^^^^^^^^^^^^^^ method not found in `MacAddr`
[INFO] [stdout] 
[INFO] [stdout] 
[INFO] [stdout] error: aborting due to 4 previous errors
[INFO] [stdout] 
[INFO] [stdout] 
[INFO] [stdout] For more information about this error, try `rustc --explain E0599`.
[INFO] [stdout] 
[INFO] [stderr] error: could not compile `pnet_packet`.
[INFO] [stderr] 
[INFO] [stderr] To learn more, run the command again with --verbose.
[INFO] [stderr] warning: build failed, waiting for other jobs to finish...
[INFO] [stderr] error: build failed
[INFO] running `Command { std: "docker" "inspect" "d8c2a400ec8c9c7df2b7c1f5d7545ef02b6e450d6f9d1f5f42ba2141d0ebc571", kill_on_drop: false }`
[INFO] running `Command { std: "docker" "rm" "-f" "d8c2a400ec8c9c7df2b7c1f5d7545ef02b6e450d6f9d1f5f42ba2141d0ebc571", kill_on_drop: false }`
[INFO] [stdout] d8c2a400ec8c9c7df2b7c1f5d7545ef02b6e450d6f9d1f5f42ba2141d0ebc571
